{"id":3082,"date":"2026-03-05T18:12:16","date_gmt":"2026-03-05T18:12:16","guid":{"rendered":"https:\/\/www.lesvelosdelabaie.bzh\/ueber-uns\/"},"modified":"2026-03-09T12:19:40","modified_gmt":"2026-03-09T12:19:40","slug":"ueber-uns","status":"publish","type":"page","link":"https:\/\/www.lesvelosdelabaie.bzh\/de\/ueber-uns\/","title":{"rendered":"\u00dcber uns"},"content":{"rendered":"\t\t<div data-elementor-type=\"wp-page\" data-elementor-id=\"3082\" class=\"elementor elementor-3082 elementor-2902\">\n\t\t\t\t\t\t<div class=\"elementor-section elementor-top-section elementor-element elementor-element-5d69b35 elementor-section-boxed elementor-section-height-default elementor-section-height-default\" data-id=\"5d69b35\" data-element_type=\"section\" data-e-type=\"section\">\n\t\t\t\t\t\t<div class=\"elementor-container elementor-column-gap-no\">\n\t\t\t\t\t<div class=\"elementor-column elementor-col-100 elementor-top-column elementor-element elementor-element-a9be8c3\" data-id=\"a9be8c3\" data-element_type=\"column\" data-e-type=\"column\">\n\t\t\t<div class=\"elementor-widget-wrap elementor-element-populated\">\n\t\t\t\t\t\t<section class=\"elementor-section elementor-inner-section elementor-element elementor-element-b944501 elementor-section-boxed elementor-section-height-default elementor-section-height-default\" data-id=\"b944501\" data-element_type=\"section\" data-e-type=\"section\">\n\t\t\t\t\t\t<div class=\"elementor-container elementor-column-gap-default\">\n\t\t\t\t\t<div class=\"elementor-column elementor-col-100 elementor-inner-column elementor-element elementor-element-87dcd53\" data-id=\"87dcd53\" data-element_type=\"column\" data-e-type=\"column\">\n\t\t\t<div class=\"elementor-widget-wrap elementor-element-populated\">\n\t\t\t\t\t\t<div class=\"elementor-element elementor-element-600003e elementor-widget elementor-widget-text-editor\" data-id=\"600003e\" data-element_type=\"widget\" data-e-type=\"widget\" data-widget_type=\"text-editor.default\">\n\t\t\t\t<div class=\"elementor-widget-container\">\n\t\t\t\t\t\t\t\t\t<h1>Impressum<\/h1><p>Die Website lesvelosdelabaie.bzh bietet Dienstleistungen im Bereich Fahrradverleih und gef\u00fchrte Radtouren an. Sie wird von der SARL Les v\u00e9los de la baie herausgegeben, deren Hauptsitz sich in Krec\u2019h ar mein 22310 PLUFUR befindet, Handelsregisternummer (RCS): <strong>911111311600014<\/strong> <\/p><p>Verantwortlich f\u00fcr die Ver\u00f6ffentlichung ist Fabienne Sidaner, Gesch\u00e4ftsf\u00fchrerin der Gesellschaft Les v\u00e9los de la baie<\/p><p>Unser saisonales Gesch\u00e4ft befindet sich im Espace loisirs Poul Palud 22730 Tr\u00e9gastel (April bis September) (siehe Karte)<\/p><p>E-Mail: <a href=\"mailto:contact@lesvelosdelabaie.bzh\">contact@lesvelosdelabaie.bzh<\/a> \u2013 Telefon: <a href=\"http:\/\/06%2018%2043%2061%2008\" data-wplink-url-error=\"true\">06 18 43 61 08<\/a><\/p><p>Reservierungen erfolgen \u00fcber die Software Lokki. Die Gesellschaft Les v\u00e9los de la baie nutzt diese Software zur Verwaltung von Reservierungen und Zahlungen. Die Erhebung und Verarbeitung von Daten \u00fcber Lokki unterliegt deren eigenen allgemeinen Nutzungsbedingungen, die auf ihrer Website einsehbar sind.  <\/p><p>S\u00e4mtliche auf der Website enthaltenen Inhalte (Texte, Bilder, Logos usw.) sind urheberrechtlich gesch\u00fctzt. Jede vollst\u00e4ndige oder teilweise Vervielf\u00e4ltigung oder Darstellung ist ohne vorherige Genehmigung untersagt. <\/p><p>Die Website wird von O2switch gehostet, mit Unterst\u00fctzung von S\u00e9bastien Le Bail Conseil.<\/p>\t\t\t\t\t\t\t\t<\/div>\n\t\t\t\t<\/div>\n\t\t\t\t\t<\/div>\n\t\t<\/div>\n\t\t\t\t\t<\/div>\n\t\t<\/section>\n\t\t\t\t\t<\/div>\n\t\t<\/div>\n\t\t\t\t\t<\/div>\n\t\t<\/div>\n\t\t\t\t<section class=\"elementor-section elementor-top-section elementor-element elementor-element-9361576 elementor-section-full_width elementor-section-height-default elementor-section-height-default\" data-id=\"9361576\" data-element_type=\"section\" data-e-type=\"section\">\n\t\t\t\t\t\t<div class=\"elementor-container elementor-column-gap-default\">\n\t\t\t\t\t<div class=\"elementor-column elementor-col-100 elementor-top-column elementor-element elementor-element-e14e9e8\" data-id=\"e14e9e8\" data-element_type=\"column\" data-e-type=\"column\">\n\t\t\t<div class=\"elementor-widget-wrap elementor-element-populated\">\n\t\t\t\t\t\t<div class=\"elementor-element elementor-element-ba6c462 elementor-widget elementor-widget-google_maps\" data-id=\"ba6c462\" data-element_type=\"widget\" data-e-type=\"widget\" data-widget_type=\"google_maps.default\">\n\t\t\t\t<div class=\"elementor-widget-container\">\n\t\t\t\t\t\t\t<div class=\"elementor-custom-embed\">\n\t\t\t<iframe loading=\"lazy\"\n\t\t\t\t\tsrc=\"https:\/\/maps.google.com\/maps?q=les%20v%C3%A9los%20de%20la%20baie%20%2F%20location%20et%20randonn%C3%A9e&#038;t=m&#038;z=10&#038;output=embed&#038;iwloc=near\"\n\t\t\t\t\ttitle=\"les v\u00e9los de la baie \/ location et randonn\u00e9e\"\n\t\t\t\t\taria-label=\"les v\u00e9los de la baie \/ location et randonn\u00e9e\"\n\t\t\t><\/iframe>\n\t\t<\/div>\n\t\t\t\t\t\t<\/div>\n\t\t\t\t<\/div>\n\t\t\t\t\t<\/div>\n\t\t<\/div>\n\t\t\t\t\t<\/div>\n\t\t<\/section>\n\t\t\t\t<\/div>\n\t\t","protected":false},"excerpt":{"rendered":"<p>Impressum Die Website lesvelosdelabaie.bzh bietet Dienstleistungen im Bereich Fahrradverleih und gef\u00fchrte Radtouren an. Sie wird von der SARL Les v\u00e9los de la baie herausgegeben, deren Hauptsitz sich in Krec\u2019h ar mein 22310 PLUFUR befindet, Handelsregisternummer (RCS): 911111311600014 Verantwortlich f\u00fcr die Ver\u00f6ffentlichung ist Fabienne Sidaner, Gesch\u00e4ftsf\u00fchrerin der Gesellschaft Les v\u00e9los de la baie Unser saisonales Gesch\u00e4ft <\/p>\n","protected":false},"author":2,"featured_media":0,"parent":0,"menu_order":0,"comment_status":"closed","ping_status":"closed","template":"","meta":{"_acf_changed":false,"_seopress_robots_primary_cat":"","_seopress_titles_title":"\u00dcber uns","_seopress_titles_desc":"","_seopress_robots_index":"","pgc_sgb_lightbox_settings":"","footnotes":""},"class_list":["post-3082","page","type-page","status-publish","hentry"],"acf":[],"_links":{"self":[{"href":"https:\/\/www.lesvelosdelabaie.bzh\/de\/wp-json\/wp\/v2\/pages\/3082","targetHints":{"allow":["GET"]}}],"collection":[{"href":"https:\/\/www.lesvelosdelabaie.bzh\/de\/wp-json\/wp\/v2\/pages"}],"about":[{"href":"https:\/\/www.lesvelosdelabaie.bzh\/de\/wp-json\/wp\/v2\/types\/page"}],"author":[{"embeddable":true,"href":"https:\/\/www.lesvelosdelabaie.bzh\/de\/wp-json\/wp\/v2\/users\/2"}],"replies":[{"embeddable":true,"href":"https:\/\/www.lesvelosdelabaie.bzh\/de\/wp-json\/wp\/v2\/comments?post=3082"}],"version-history":[{"count":3,"href":"https:\/\/www.lesvelosdelabaie.bzh\/de\/wp-json\/wp\/v2\/pages\/3082\/revisions"}],"predecessor-version":[{"id":3224,"href":"https:\/\/www.lesvelosdelabaie.bzh\/de\/wp-json\/wp\/v2\/pages\/3082\/revisions\/3224"}],"wp:attachment":[{"href":"https:\/\/www.lesvelosdelabaie.bzh\/de\/wp-json\/wp\/v2\/media?parent=3082"}],"curies":[{"name":"wp","href":"https:\/\/api.w.org\/{rel}","templated":true}]}}

Über uns

<div data-elementor-type="wp-page" data-elementor-id="3082" class="elementor elementor-3082 elementor-2902">
						<div class="elementor-section elementor-top-section elementor-element elementor-element-5d69b35 elementor-section-boxed elementor-section-height-default elementor-section-height-default" data-id="5d69b35" data-element_type="section" data-e-type="section">
						<div class="elementor-container elementor-column-gap-no">
					<div class="elementor-column elementor-col-100 elementor-top-column elementor-element elementor-element-a9be8c3" data-id="a9be8c3" data-element_type="column" data-e-type="column">
			<div class="elementor-widget-wrap elementor-element-populated">
						<section class="elementor-section elementor-inner-section elementor-element elementor-element-b944501 elementor-section-boxed elementor-section-height-default elementor-section-height-default" data-id="b944501" data-element_type="section" data-e-type="section">
						<div class="elementor-container elementor-column-gap-default">
					<div class="elementor-column elementor-col-100 elementor-inner-column elementor-element elementor-element-87dcd53" data-id="87dcd53" data-element_type="column" data-e-type="column">
			<div class="elementor-widget-wrap elementor-element-populated">
						<div class="elementor-element elementor-element-600003e elementor-widget elementor-widget-text-editor" data-id="600003e" data-element_type="widget" data-e-type="widget" data-widget_type="text-editor.default">
				<div class="elementor-widget-container">
									<h1>Impressum</h1><p>Die Website lesvelosdelabaie.bzh bietet Dienstleistungen im Bereich Fahrradverleih und geführte Radtouren an. Sie wird von der SARL Les vélos de la baie herausgegeben, deren Hauptsitz sich in Krec’h ar mein 22310 PLUFUR befindet, Handelsregisternummer (RCS): <strong>911111311600014</strong> </p><p>Verantwortlich für die Veröffentlichung ist Fabienne Sidaner, Geschäftsführerin der Gesellschaft Les vélos de la baie</p><p>Unser saisonales Geschäft befindet sich im Espace loisirs Poul Palud 22730 Trégastel (April bis September) (siehe Karte)</p><p>E-Mail: <a href="mailto:contact@lesvelosdelabaie.bzh">contact@lesvelosdelabaie.bzh</a> – Telefon: <a href="http://06%2018%2043%2061%2008" data-wplink-url-error="true">06 18 43 61 08</a></p><p>Reservierungen erfolgen über die Software Lokki. Die Gesellschaft Les vélos de la baie nutzt diese Software zur Verwaltung von Reservierungen und Zahlungen. Die Erhebung und Verarbeitung von Daten über Lokki unterliegt deren eigenen allgemeinen Nutzungsbedingungen, die auf ihrer Website einsehbar sind.  </p><p>Sämtliche auf der Website enthaltenen Inhalte (Texte, Bilder, Logos usw.) sind urheberrechtlich geschützt. Jede vollständige oder teilweise Vervielfältigung oder Darstellung ist ohne vorherige Genehmigung untersagt. </p><p>Die Website wird von O2switch gehostet, mit Unterstützung von Sébastien Le Bail Conseil.</p>								</div>
				</div>
					</div>
		</div>
					</div>
		</section>
					</div>
		</div>
					</div>
		</div>
				<section class="elementor-section elementor-top-section elementor-element elementor-element-9361576 elementor-section-full_width elementor-section-height-default elementor-section-height-default" data-id="9361576" data-element_type="section" data-e-type="section">
						<div class="elementor-container elementor-column-gap-default">
					<div class="elementor-column elementor-col-100 elementor-top-column elementor-element elementor-element-e14e9e8" data-id="e14e9e8" data-element_type="column" data-e-type="column">
			<div class="elementor-widget-wrap elementor-element-populated">
						<div class="elementor-element elementor-element-ba6c462 elementor-widget elementor-widget-google_maps" data-id="ba6c462" data-element_type="widget" data-e-type="widget" data-widget_type="google_maps.default">
				<div class="elementor-widget-container">
							<div class="elementor-custom-embed">
			<iframe loading="lazy"
					src="https://maps.google.com/maps?q=les%20v%C3%A9los%20de%20la%20baie%20%2F%20location%20et%20randonn%C3%A9e&#038;t=m&#038;z=10&#038;output=embed&#038;iwloc=near"
					title="les vélos de la baie / location et randonnée"
					aria-label="les vélos de la baie / location et randonnée"
			></iframe>
		</div>
						</div>
				</div>
					</div>
		</div>
					</div>
		</section>
				</div>

<p>Impressum Die Website lesvelosdelabaie.bzh bietet Dienstleistungen im Bereich Fahrradverleih und geführte Radtouren an. Sie wird von der SARL Les vélos de la baie herausgegeben, deren Hauptsitz sich in Krec’h ar mein 22310 PLUFUR befindet, Handelsregisternummer (RCS): 911111311600014 Verantwortlich für die Veröffentlichung ist Fabienne Sidaner, Geschäftsführerin der Gesellschaft Les vélos de la baie Unser saisonales Geschäft </p>
